{"id":329,"date":"2020-04-12T23:16:08","date_gmt":"2020-04-12T21:16:08","guid":{"rendered":"http:\/\/genkiamma.com\/?page_id=329"},"modified":"2020-04-13T21:54:13","modified_gmt":"2020-04-13T19:54:13","slug":"cancer-et-magnetisme","status":"publish","type":"page","link":"https:\/\/genkiamma.com\/?page_id=329","title":{"rendered":"Cancer et magn\u00e9tisme"},"content":{"rendered":"\n<figure class=\"wp-block-gallery columns-3 is-cropped wp-block-gallery-1 is-layout-flex wp-block-gallery-is-layout-flex\"><ul class=\"blocks-gallery-grid\"><li class=\"blocks-gallery-item\"><figure><img loading=\"lazy\" decoding=\"async\" width=\"768\" height=\"1024\" src=\"http:\/\/genkiamma.com\/wp-content\/uploads\/2020\/04\/IMG_1249-768x1024.jpg\" alt=\"\" data-id=\"474\" data-link=\"http:\/\/genkiamma.com\/?attachment_id=474\" class=\"wp-image-474\" srcset=\"https:\/\/genkiamma.com\/wp-content\/uploads\/2020\/04\/IMG_1249-768x1024.jpg 768w, https:\/\/genkiamma.com\/wp-content\/uploads\/2020\/04\/IMG_1249-225x300.jpg 225w, https:\/\/genkiamma.com\/wp-content\/uploads\/2020\/04\/IMG_1249-1152x1536.jpg 1152w, https:\/\/genkiamma.com\/wp-content\/uploads\/2020\/04\/IMG_1249-rotated.jpg 1512w\" sizes=\"auto, (max-width: 706px) 89vw, (max-width: 767px) 82vw, 740px\" \/><\/figure><\/li><li class=\"blocks-gallery-item\"><figure><img loading=\"lazy\" decoding=\"async\" width=\"768\" height=\"1024\" src=\"http:\/\/genkiamma.com\/wp-content\/uploads\/2020\/04\/IMG_0430-768x1024.jpg\" alt=\"\" data-id=\"476\" data-link=\"http:\/\/genkiamma.com\/?attachment_id=476\" class=\"wp-image-476\" srcset=\"https:\/\/genkiamma.com\/wp-content\/uploads\/2020\/04\/IMG_0430-768x1024.jpg 768w, https:\/\/genkiamma.com\/wp-content\/uploads\/2020\/04\/IMG_0430-225x300.jpg 225w, https:\/\/genkiamma.com\/wp-content\/uploads\/2020\/04\/IMG_0430-1152x1536.jpg 1152w, https:\/\/genkiamma.com\/wp-content\/uploads\/2020\/04\/IMG_0430-rotated.jpg 1512w\" sizes=\"auto, (max-width: 706px) 89vw, (max-width: 767px) 82vw, 740px\" \/><\/figure><\/li><li class=\"blocks-gallery-item\"><figure><img loading=\"lazy\" decoding=\"async\" width=\"340\" height=\"565\" src=\"http:\/\/genkiamma.com\/wp-content\/uploads\/2020\/04\/34a2f870-7dbe-4df3-9ee3-db315eb7c237.jpg\" alt=\"\" data-id=\"473\" data-link=\"http:\/\/genkiamma.com\/?attachment_id=473\" class=\"wp-image-473\" srcset=\"https:\/\/genkiamma.com\/wp-content\/uploads\/2020\/04\/34a2f870-7dbe-4df3-9ee3-db315eb7c237.jpg 340w, https:\/\/genkiamma.com\/wp-content\/uploads\/2020\/04\/34a2f870-7dbe-4df3-9ee3-db315eb7c237-181x300.jpg 181w\" sizes=\"auto, (max-width: 340px) 100vw, 340px\" \/><\/figure><\/li><li class=\"blocks-gallery-item\"><figure><img loading=\"lazy\" decoding=\"async\" width=\"768\" height=\"1024\" src=\"http:\/\/genkiamma.com\/wp-content\/uploads\/2020\/04\/IMG_1432-768x1024.jpg\" alt=\"\" data-id=\"477\" data-link=\"http:\/\/genkiamma.com\/?attachment_id=477\" class=\"wp-image-477\" srcset=\"https:\/\/genkiamma.com\/wp-content\/uploads\/2020\/04\/IMG_1432-768x1024.jpg 768w, https:\/\/genkiamma.com\/wp-content\/uploads\/2020\/04\/IMG_1432-225x300.jpg 225w, https:\/\/genkiamma.com\/wp-content\/uploads\/2020\/04\/IMG_1432-1152x1536.jpg 1152w, https:\/\/genkiamma.com\/wp-content\/uploads\/2020\/04\/IMG_1432-rotated.jpg 1512w\" sizes=\"auto, (max-width: 706px) 89vw, (max-width: 767px) 82vw, 740px\" \/><\/figure><\/li><li class=\"blocks-gallery-item\"><figure><img loading=\"lazy\" decoding=\"async\" width=\"768\" height=\"1024\" src=\"http:\/\/genkiamma.com\/wp-content\/uploads\/2020\/04\/IMG_1440-768x1024.jpg\" alt=\"\" data-id=\"478\" data-full-url=\"http:\/\/genkiamma.com\/wp-content\/uploads\/2020\/04\/IMG_1440-rotated.jpg\" data-link=\"http:\/\/genkiamma.com\/?attachment_id=478\" class=\"wp-image-478\" srcset=\"https:\/\/genkiamma.com\/wp-content\/uploads\/2020\/04\/IMG_1440-768x1024.jpg 768w, https:\/\/genkiamma.com\/wp-content\/uploads\/2020\/04\/IMG_1440-225x300.jpg 225w, https:\/\/genkiamma.com\/wp-content\/uploads\/2020\/04\/IMG_1440-1152x1536.jpg 1152w, https:\/\/genkiamma.com\/wp-content\/uploads\/2020\/04\/IMG_1440-rotated.jpg 1512w\" sizes=\"auto, (max-width: 706px) 89vw, (max-width: 767px) 82vw, 740px\" \/><\/figure><\/li><\/ul><figcaption class=\"blocks-gallery-caption\">Les esprits de la for\u00eat<\/figcaption><\/figure>\n\n\n\n<p><\/p>\n\n\n\n<p>Le traitement du cancer par le magn\u00e9tisme apporte de nombreux bienfaits. C&rsquo;est un soutien fondamental tout au long du traitement m\u00e9dical. Je n&rsquo;ai pas&nbsp;la pr\u00e9tention de gu\u00e9rir votre cancer et m&rsquo;arrange pour \u00eatre la plus disponible et la plus souple possible : le protocole m\u00e9dical est suffisamment lourd et fatigant pour vous. Je propose de vous accompagner \u00e9nerg\u00e9tiquement.<\/p>\n\n\n\n<hr class=\"wp-block-separator\"\/>\n\n\n\n<p><strong>Accepter le choc psychologique de l&rsquo;annonce<\/strong><\/p>\n\n\n\n<p>Une s\u00e9ance de R\u00e9\u00e9quilibrage \u00e9nerg\u00e9tique&nbsp;vibratoire &nbsp;va agir notamment sur votre&nbsp;corps \u00e9motionnel et autres corps subtils. C&rsquo;est en g\u00e9n\u00e9ral&nbsp;la premi\u00e8re s\u00e9ance&nbsp;o\u00f9 nous nous rencontrons. L\u2019\u00e9change verbal&nbsp; permet \u00e9galement de renforcer&nbsp;l&rsquo;acceptation de la maladie et de visualiser les diff\u00e9rentes solutions pour y faire face. Si vous ne pouvez pas vous d\u00e9placer, la s\u00e9ance se fait par vid\u00e9o  ou par t\u00e9l\u00e9phone.<\/p>\n\n\n\n<p>Cette s\u00e9ance est \u00e9galement l&rsquo;occasion d&rsquo;une pr\u00e9paration psychologique pour mieux accepter le traitement,&nbsp;d&rsquo;une r\u00e9duction du stress.<\/p>\n\n\n\n<hr class=\"wp-block-separator\"\/>\n\n\n\n<p><strong>Pr\u00e9parer votre corps avant la radioth\u00e9rapie ou la chimioth\u00e9rapie<\/strong><\/p>\n\n\n\n<p>Juste avant votre s\u00e9ance&nbsp;de radioth\u00e9rapie ou de chimioth\u00e9rapie (dans l&rsquo;id\u00e9al la veille ou le jour m\u00eame), je vous accompagne \u00e0 distance en coupant le feu des&nbsp; br\u00fblures li\u00e9es \u00e0 la radioth\u00e9rapie et en adoucissant les effets secondaires des s\u00e9ances de chimioth\u00e9rapie comme les naus\u00e9es, vomissements, maux corporels. Je tiens personnellement \u00e0 vous accompagner pendant toute la dur\u00e9e de votre traitement. Je ne facture pas les s\u00e9ances.<\/p>\n\n\n\n<hr class=\"wp-block-separator\"\/>\n\n\n\n<p><strong>Couper le feu apr\u00e8s les rayons<\/strong><\/p>\n\n\n\n<p>Il s&rsquo;agit ici de&nbsp;r\u00e9duire \u00e0 son plus bas niveau&nbsp;la douleur suite \u00e0 la s\u00e9ance de radioth\u00e9rapie. Certaines personnes pr\u00e9f\u00e8rent la s\u00e9ance avant les rayons, d&rsquo;autres apr\u00e8s et certaines souhaitent absolument les deux. A vous de voir et d&rsquo;essayer. Pr\u00e9venez- moi en m\u2019envoyant un sms. Je ne facture pas les s\u00e9ances.<\/p>\n\n\n\n<hr class=\"wp-block-separator\"\/>\n\n\n\n<p><strong>S\u00e9ance de magn\u00e9tisme apr\u00e8s une intervention chirurgicale<\/strong><\/p>\n\n\n\n<p>Suite \u00e0 la chirurgie, le magn\u00e9tisme permet de r\u00e9duire la douleur et surtout de permettre \u00e0 votre corps de retrouver un \u00e9tat d&rsquo;\u00e9quilibre \u00e9nerg\u00e9tique imm\u00e9diat.&nbsp;Ceci se traduit par une plus rapide&nbsp;convalescence et une bien meilleure cicatrisation. Je ne facture pas les s\u00e9ances non plus.<\/p>\n","protected":false},"excerpt":{"rendered":"<p>Le traitement du cancer par le magn\u00e9tisme apporte de nombreux bienfaits. C&rsquo;est un soutien fondamental tout au long du traitement m\u00e9dical. Je n&rsquo;ai pas&nbsp;la pr\u00e9tention de gu\u00e9rir votre cancer et m&rsquo;arrange pour \u00eatre la plus disponible et la plus souple possible : le protocole m\u00e9dical est suffisamment lourd et fatigant pour vous. Je propose de &hellip; <\/p>\n<p class=\"link-more\"><a href=\"https:\/\/genkiamma.com\/?page_id=329\" class=\"more-link\">Continuer la lecture<span class=\"screen-reader-text\"> de &laquo;&nbsp;Cancer et magn\u00e9tisme&nbsp;&raquo;<\/span><\/a><\/p>\n","protected":false},"author":1,"featured_media":0,"parent":47,"menu_order":0,"comment_status":"closed","ping_status":"closed","template":"","meta":{"footnotes":""},"class_list":["post-329","page","type-page","status-publish","hentry"],"_links":{"self":[{"href":"https:\/\/genkiamma.com\/index.php?rest_route=\/wp\/v2\/pages\/329","targetHints":{"allow":["GET"]}}],"collection":[{"href":"https:\/\/genkiamma.com\/index.php?rest_route=\/wp\/v2\/pages"}],"about":[{"href":"https:\/\/genkiamma.com\/index.php?rest_route=\/wp\/v2\/types\/page"}],"author":[{"embeddable":true,"href":"https:\/\/genkiamma.com\/index.php?rest_route=\/wp\/v2\/users\/1"}],"replies":[{"embeddable":true,"href":"https:\/\/genkiamma.com\/index.php?rest_route=%2Fwp%2Fv2%2Fcomments&post=329"}],"version-history":[{"count":7,"href":"https:\/\/genkiamma.com\/index.php?rest_route=\/wp\/v2\/pages\/329\/revisions"}],"predecessor-version":[{"id":479,"href":"https:\/\/genkiamma.com\/index.php?rest_route=\/wp\/v2\/pages\/329\/revisions\/479"}],"up":[{"embeddable":true,"href":"https:\/\/genkiamma.com\/index.php?rest_route=\/wp\/v2\/pages\/47"}],"wp:attachment":[{"href":"https:\/\/genkiamma.com\/index.php?rest_route=%2Fwp%2Fv2%2Fmedia&parent=329"}],"curies":[{"name":"wp","href":"https:\/\/api.w.org\/{rel}","templated":true}]}}